{"id":20,"date":"2015-03-23T11:28:46","date_gmt":"2015-03-23T08:28:46","guid":{"rendered":"https:\/\/historiaus.usz.edu.pl\/?page_id=20"},"modified":"2024-04-05T09:43:48","modified_gmt":"2024-04-05T07:43:48","slug":"strona-glowna","status":"publish","type":"page","link":"https:\/\/historiaus.usz.edu.pl\/","title":{"rendered":"Strona G\u0142\u00f3wna"},"content":{"rendered":"<p><span class=\"d2edcug0 hpfvmrgz qv66sw1b c1et5uql lr9zc1uh a8c37x1j keod5gw0 nxhoafnm aigsh9s9 d3f4x2em fe6kdd0r mau55g9w c8b282yb iv3no6db jq4qci2q a3bd9o3v b1v8xokw oo9gr5id hzawbc8m\" dir=\"auto\">\u00a0\u00a0 Zapraszamy do korzystania z darmowej bazy &#8222;Historia US&#8221;. Pe\u0142notekstowa baza on-line jest tworzona przez Bibliotek\u0119 G\u0142\u00f3wn\u0105 od 2015 r. Zawiera lokalne i og\u00f3lnokrajowe artyku\u0142y prasowe zwi\u0105zane z Uniwersytetem Szczeci\u0144skim od momentu powstania uczelni, tj. od 1985 r. po chwil\u0119 obecn\u0105. Stanowi cenne \u017ar\u00f3d\u0142o informacji z wielu dziedzin. <\/span><\/p>\n<p style=\"text-align: center;\"><span class=\"d2edcug0 hpfvmrgz qv66sw1b c1et5uql lr9zc1uh a8c37x1j keod5gw0 nxhoafnm aigsh9s9 d3f4x2em fe6kdd0r mau55g9w c8b282yb iv3no6db jq4qci2q a3bd9o3v b1v8xokw oo9gr5id hzawbc8m\" dir=\"auto\">Wi\u0119cej informacji w artyku\u0142ach: <\/span><\/p>\n<p><span id=\"page135R_mcid6\" class=\"markedContent\"><span dir=\"ltr\" role=\"presentation\">1-Magdalena Rado\u0144, <strong><em>Historyczna baza o Uniwersytecie Szczeci\u0144skim<\/em><\/strong><\/span><span dir=\"ltr\" role=\"presentation\">, <span id=\"page3R_mcid4\" class=\"markedContent\">NEWSLETTER<\/span><span id=\"undefined\" class=\"markedContent\"><\/span><span id=\"page3R_mcid5\" class=\"markedContent\"><\/span><span id=\"page3R_mcid6\" class=\"markedContent\"> nr 09-10 (25-26)\/2023, s. 3<\/span> <\/span><\/span><\/p>\n<p>https:\/\/bg.usz.edu.pl\/wp-content\/uploads\/2023\/11\/Newsletter-09-10-25-26-2023.pdf<\/p>\n<p><span id=\"page135R_mcid6\" class=\"markedContent\"><span dir=\"ltr\" role=\"presentation\">2-Magdalena Rado\u0144, <strong><em>Historycznie rzecz ujmuj\u0105c<\/em><\/strong><\/span><strong><em> <span dir=\"ltr\" role=\"presentation\">&#8211;<\/span> <\/em><\/strong><span dir=\"ltr\" role=\"presentation\"><strong><em>Baza HISTORIA US<\/em><\/strong>, <span id=\"page3R_mcid4\" class=\"markedContent\">NEWSLETTER<\/span><span id=\"undefined\" class=\"markedContent\"><\/span><span id=\"page3R_mcid5\" class=\"markedContent\"><\/span><span id=\"page3R_mcid6\" class=\"markedContent\"> nr 4 (8)\/2022, s. <\/span>18-19<br \/>\n<\/span><\/span><\/p>\n<p>https:\/\/bg.szczecin.pl\/wp-content\/uploads\/2022\/04\/Newsletter_4_8_2022.pdf<\/p>\n<h6><\/h6>\n<p><span class=\"d2edcug0 hpfvmrgz qv66sw1b c1et5uql lr9zc1uh a8c37x1j keod5gw0 nxhoafnm aigsh9s9 d3f4x2em fe6kdd0r mau55g9w c8b282yb iv3no6db jq4qci2q a3bd9o3v b1v8xokw oo9gr5id hzawbc8m\" dir=\"auto\">3-Daniel Ziarkowski, <strong><em>Baza &#8222;Historia Uniwersytetu Szczeci\u0144skiego&#8221;<\/em><\/strong>, Bibliotekarz Zachodniopomorski nr 1\/2020, s. 5-7 <\/span><\/p>\n<p><span class=\"d2edcug0 hpfvmrgz qv66sw1b c1et5uql lr9zc1uh a8c37x1j keod5gw0 nxhoafnm aigsh9s9 d3f4x2em fe6kdd0r mau55g9w c8b282yb iv3no6db jq4qci2q a3bd9o3v b1v8xokw oo9gr5id hzawbc8m\" dir=\"auto\">https:\/\/stat.ksiaznica.szczecin.pl\/BZP_2020_01.pdf<br \/>\n<\/span><\/p>\n","protected":false},"excerpt":{"rendered":"<p>\u00a0\u00a0 Zapraszamy do korzystania z darmowej bazy &#8222;Historia US&#8221;. Pe\u0142notekstowa baza on-line jest tworzona przez Bibliotek\u0119 G\u0142\u00f3wn\u0105 od 2015 r. Zawiera lokalne i og\u00f3lnokrajowe artyku\u0142y prasowe zwi\u0105zane z Uniwersytetem Szczeci\u0144skim od momentu powstania uczelni, tj. od 1985 r. po chwil\u0119 obecn\u0105. Stanowi cenne \u017ar\u00f3d\u0142o informacji z wielu dziedzin. Wi\u0119cej informacji w artyku\u0142ach: 1-Magdalena Rado\u0144, Historyczna &hellip; <a href=\"https:\/\/historiaus.usz.edu.pl\/\" class=\"more-link\">Czytaj dalej <span class=\"screen-reader-text\">Strona G\u0142\u00f3wna<\/span><\/a><\/p>\n","protected":false},"author":1,"featured_media":1431,"parent":0,"menu_order":1,"comment_status":"closed","ping_status":"closed","template":"","meta":{"footnotes":""},"class_list":["post-20","page","type-page","status-publish","has-post-thumbnail","hentry"],"_links":{"self":[{"href":"https:\/\/historiaus.usz.edu.pl\/index.php?rest_route=\/wp\/v2\/pages\/20","targetHints":{"allow":["GET"]}}],"collection":[{"href":"https:\/\/historiaus.usz.edu.pl\/index.php?rest_route=\/wp\/v2\/pages"}],"about":[{"href":"https:\/\/historiaus.usz.edu.pl\/index.php?rest_route=\/wp\/v2\/types\/page"}],"author":[{"embeddable":true,"href":"https:\/\/historiaus.usz.edu.pl\/index.php?rest_route=\/wp\/v2\/users\/1"}],"replies":[{"embeddable":true,"href":"https:\/\/historiaus.usz.edu.pl\/index.php?rest_route=%2Fwp%2Fv2%2Fcomments&post=20"}],"version-history":[{"count":11,"href":"https:\/\/historiaus.usz.edu.pl\/index.php?rest_route=\/wp\/v2\/pages\/20\/revisions"}],"predecessor-version":[{"id":22562,"href":"https:\/\/historiaus.usz.edu.pl\/index.php?rest_route=\/wp\/v2\/pages\/20\/revisions\/22562"}],"wp:featuredmedia":[{"embeddable":true,"href":"https:\/\/historiaus.usz.edu.pl\/index.php?rest_route=\/wp\/v2\/media\/1431"}],"wp:attachment":[{"href":"https:\/\/historiaus.usz.edu.pl\/index.php?rest_route=%2Fwp%2Fv2%2Fmedia&parent=20"}],"curies":[{"name":"wp","href":"https:\/\/api.w.org\/{rel}","templated":true}]}}

Strona Główna

<p><span class="d2edcug0 hpfvmrgz qv66sw1b c1et5uql lr9zc1uh a8c37x1j keod5gw0 nxhoafnm aigsh9s9 d3f4x2em fe6kdd0r mau55g9w c8b282yb iv3no6db jq4qci2q a3bd9o3v b1v8xokw oo9gr5id hzawbc8m" dir="auto">   Zapraszamy do korzystania z darmowej bazy &#8222;Historia US&#8221;. Pełnotekstowa baza on-line jest tworzona przez Bibliotekę Główną od 2015 r. Zawiera lokalne i ogólnokrajowe artykuły prasowe związane z Uniwersytetem Szczecińskim od momentu powstania uczelni, tj. od 1985 r. po chwilę obecną. Stanowi cenne źródło informacji z wielu dziedzin. </span></p>
<p style="text-align: center;"><span class="d2edcug0 hpfvmrgz qv66sw1b c1et5uql lr9zc1uh a8c37x1j keod5gw0 nxhoafnm aigsh9s9 d3f4x2em fe6kdd0r mau55g9w c8b282yb iv3no6db jq4qci2q a3bd9o3v b1v8xokw oo9gr5id hzawbc8m" dir="auto">Więcej informacji w artykułach: </span></p>
<p><span id="page135R_mcid6" class="markedContent"><span dir="ltr" role="presentation">1-Magdalena Radoń, <strong><em>Historyczna baza o Uniwersytecie Szczecińskim</em></strong></span><span dir="ltr" role="presentation">, <span id="page3R_mcid4" class="markedContent">NEWSLETTER</span><span id="undefined" class="markedContent"></span><span id="page3R_mcid5" class="markedContent"></span><span id="page3R_mcid6" class="markedContent"> nr 09-10 (25-26)/2023, s. 3</span> </span></span></p>
<p>https://bg.usz.edu.pl/wp-content/uploads/2023/11/Newsletter-09-10-25-26-2023.pdf</p>
<p><span id="page135R_mcid6" class="markedContent"><span dir="ltr" role="presentation">2-Magdalena Radoń, <strong><em>Historycznie rzecz ujmując</em></strong></span><strong><em> <span dir="ltr" role="presentation">&#8211;</span> </em></strong><span dir="ltr" role="presentation"><strong><em>Baza HISTORIA US</em></strong>, <span id="page3R_mcid4" class="markedContent">NEWSLETTER</span><span id="undefined" class="markedContent"></span><span id="page3R_mcid5" class="markedContent"></span><span id="page3R_mcid6" class="markedContent"> nr 4 (8)/2022, s. </span>18-19<br />
</span></span></p>
<p>https://bg.szczecin.pl/wp-content/uploads/2022/04/Newsletter_4_8_2022.pdf</p>
<h6></h6>
<p><span class="d2edcug0 hpfvmrgz qv66sw1b c1et5uql lr9zc1uh a8c37x1j keod5gw0 nxhoafnm aigsh9s9 d3f4x2em fe6kdd0r mau55g9w c8b282yb iv3no6db jq4qci2q a3bd9o3v b1v8xokw oo9gr5id hzawbc8m" dir="auto">3-Daniel Ziarkowski, <strong><em>Baza &#8222;Historia Uniwersytetu Szczecińskiego&#8221;</em></strong>, Bibliotekarz Zachodniopomorski nr 1/2020, s. 5-7 </span></p>
<p><span class="d2edcug0 hpfvmrgz qv66sw1b c1et5uql lr9zc1uh a8c37x1j keod5gw0 nxhoafnm aigsh9s9 d3f4x2em fe6kdd0r mau55g9w c8b282yb iv3no6db jq4qci2q a3bd9o3v b1v8xokw oo9gr5id hzawbc8m" dir="auto">https://stat.ksiaznica.szczecin.pl/BZP_2020_01.pdf<br />
</span></p>

<p>   Zapraszamy do korzystania z darmowej bazy &#8222;Historia US&#8221;. Pełnotekstowa baza on-line jest tworzona przez Bibliotekę Główną od 2015 r. Zawiera lokalne i ogólnokrajowe artykuły prasowe związane z Uniwersytetem Szczecińskim od momentu powstania uczelni, tj. od 1985 r. po chwilę obecną. Stanowi cenne źródło informacji z wielu dziedzin. Więcej informacji w artykułach: 1-Magdalena Radoń, Historyczna &hellip; <a href="https://historiaus.usz.edu.pl/" class="more-link">Czytaj dalej <span class="screen-reader-text">Strona Główna</span></a></p>
